{"id":15,"date":"2019-03-23T10:36:19","date_gmt":"2019-03-23T10:36:19","guid":{"rendered":"http:\/\/test.doblinger.cloud\/?page_id=15"},"modified":"2022-09-19T10:34:28","modified_gmt":"2022-09-19T09:34:28","slug":"der-weg-ist-das-ziel","status":"publish","type":"page","link":"https:\/\/www.seglergemeinschaft.at\/?page_id=15","title":{"rendered":"Der Weg ist das Ziel"},"content":{"rendered":"\n<p>In den letzten 40 Jahren entwickelte sich der Gemeindehafen von Breitenbrunn zu einem der gr\u00f6\u00dften und sch\u00f6nsten H\u00e4fen des Landes und die Seglergemeinschaft Breitenbrunn kann sich r\u00fchmen, kr\u00e4ftig mit Rat und Tat mitgeholfen zu haben.<\/p>\n\n\n\n<p><br>Es wurden von der Gemeinde Breitenbrunn und seit 2019 vom neuen Betreiber der Esterhazy Betriebe GmbH viele unserer Vorschl\u00e4ge zur Verbesserung der Hafenanlage realisiert, was von unseren Mitgliedern und ihren Familien sehr positiv aufgenommen wird. Breitenbrunn z\u00e4hlt heute zu einem der sch\u00f6nsten Binnenh\u00e4fen. Seit 1997 wurden Strom- und Wasseranschl\u00fcsse f\u00fcr die Liegepl\u00e4tze errichtet. Die Stege wurden sicherer gemacht und laufen saniert. Die Schubbr\u00fccke zur Marina West funktioniert elektronisch. Dazu bedarf es immer wieder intensiver Gespr\u00e4che mit der Seeverwaltung.<\/p>\n\n\n\n<p><br>Unsere Aufgabe ist es nach den Statuten die Interessen der Bootsplatzmieter gegen\u00fcber dem Betreiber des Seebades zu vertreten und deren Beratung. Aber auch die Kontrolle bei der Entwicklung und Instandhaltung des Hafens.<br>Grund genug f\u00fcr jeden Breitenbrunner Segler und jede Seglerin, die Seglergemeinschaft zu unterst\u00fctzen und Mitglied zu werden.<\/p>\n\n\n\n<p><br>Nat\u00fcrlich haben wir sportliche und gesellschaftliche Veranstaltungen.<br>Derzeit sind rund 200 Segler mit Ihren Familien Vereinsmitglieder. Das ganze Jahr \u00fcber werden in monatlichen Abst\u00e4nden u.a. Vereinsregatten, Wanderfahrten, etc. organisiert. F\u00fcr die abendlichen Ausklang sorgen w\u00e4hrend der Segelsaison die Lokale und Veranstaltungen in und um Breitenbrunn.<br>Viele der Segler, die haupts\u00e4chlich aus dem Raum Wien, Nieder\u00f6sterreich aber auch aus dem Burgenland und der Steiermark kommen, verbringen jeden m\u00f6glichen Tag in Breitenbrunn und haben auch die einheimische Bev\u00f6lkerung ins Herz geschlossen. Nach so mancher sportlichen Veranstaltung trifft man sich im Ort zu einem guten Glas Wein und der ausgezeichneten pannonischen K\u00fcche.<\/p>\n","protected":false},"excerpt":{"rendered":"<p>In den letzten 40 Jahren entwickelte sich der Gemeindehafen von Breitenbrunn zu einem der gr\u00f6\u00dften und sch\u00f6nsten H\u00e4fen des Landes und die Seglergemeinschaft Breitenbrunn kann sich r\u00fchmen, kr\u00e4ftig mit Rat und Tat mitgeholfen zu haben. Es wurden von der Gemeinde Breitenbrunn und seit 2019 vom neuen Betreiber der Esterhazy Betriebe GmbH viele unserer Vorschl\u00e4ge zur&hellip; <br \/> <a class=\"button small blue\" href=\"https:\/\/www.seglergemeinschaft.at\/?page_id=15\">Weiterlesen<\/a><\/p>\n","protected":false},"author":4,"featured_media":0,"parent":0,"menu_order":0,"comment_status":"closed","ping_status":"closed","template":"","meta":{"footnotes":""},"class_list":["post-15","page","type-page","status-publish","hentry"],"_links":{"self":[{"href":"https:\/\/www.seglergemeinschaft.at\/index.php?rest_route=\/wp\/v2\/pages\/15","targetHints":{"allow":["GET"]}}],"collection":[{"href":"https:\/\/www.seglergemeinschaft.at\/index.php?rest_route=\/wp\/v2\/pages"}],"about":[{"href":"https:\/\/www.seglergemeinschaft.at\/index.php?rest_route=\/wp\/v2\/types\/page"}],"author":[{"embeddable":true,"href":"https:\/\/www.seglergemeinschaft.at\/index.php?rest_route=\/wp\/v2\/users\/4"}],"replies":[{"embeddable":true,"href":"https:\/\/www.seglergemeinschaft.at\/index.php?rest_route=%2Fwp%2Fv2%2Fcomments&post=15"}],"version-history":[{"count":2,"href":"https:\/\/www.seglergemeinschaft.at\/index.php?rest_route=\/wp\/v2\/pages\/15\/revisions"}],"predecessor-version":[{"id":1713,"href":"https:\/\/www.seglergemeinschaft.at\/index.php?rest_route=\/wp\/v2\/pages\/15\/revisions\/1713"}],"wp:attachment":[{"href":"https:\/\/www.seglergemeinschaft.at\/index.php?rest_route=%2Fwp%2Fv2%2Fmedia&parent=15"}],"curies":[{"name":"wp","href":"https:\/\/api.w.org\/{rel}","templated":true}]}}