{"id":130,"date":"2019-03-23T12:10:40","date_gmt":"2019-03-23T12:10:40","guid":{"rendered":"http:\/\/test.doblinger.cloud\/?page_id=130"},"modified":"2022-09-19T10:44:17","modified_gmt":"2022-09-19T09:44:17","slug":"breitenbrunn","status":"publish","type":"page","link":"https:\/\/www.seglergemeinschaft.at\/?page_id=130","title":{"rendered":"Breitenbrunn"},"content":{"rendered":"\n<h2 class=\"wp-block-heading\">Sturmwarnung am Neusiedlersee<\/h2>\n\n\n\n<p>2010&nbsp;wurden die Warnleuchten erneuert, die Steuerk\u00e4sten adaptiert und zwei zus\u00e4tzliche Standorte errichtet. (Weiden am See und Fert\u00f6rakos)<\/p>\n\n\n\n<p>Zwei Blinksignale kommen zum Einsatz:<\/p>\n\n\n\n<p>40 Blitze pro Minute: VORWARNUNG ab 6 Beaufort (Windgeschwindigkeit&nbsp;ca. 40 km\/h) und steigend&nbsp;!<\/p>\n\n\n\n<p>90 Blitze pro Minute: STURMWARNUNG ab 8 Beaufort (Windgeschwindigkeit&nbsp;ca.&nbsp;60&nbsp;km\/h) und steigend !<\/p>\n\n\n\n<p>Die Segler und Wassersportler haben unverz\u00fcglich alle notwendigen Vorsichtsma\u00dfnahmen zu treffen und das Ufer oder windgesch\u00fctzte Stellen aufzusuchen! Bitte informieren sie auch &nbsp;ihren Bootsnachbarn !<\/p>\n\n\n\n<p><a href=\"http:\/\/www.breitenbrunn.at\/\" target=\"_blank\" rel=\"noreferrer noopener\">Wenn Sie mehr \u00fcber Breitenbrunn erfahren wollen bitte hier klicken.<\/a><\/p>\n\n\n\n<p>Sie werden auf die offizielle Homepage von Breitenbrunn weitergeleitet.<\/p>\n\n\n\n<p><\/p>\n","protected":false},"excerpt":{"rendered":"<p>Sturmwarnung am Neusiedlersee 2010&nbsp;wurden die Warnleuchten erneuert, die Steuerk\u00e4sten adaptiert und zwei zus\u00e4tzliche Standorte errichtet. (Weiden am See und Fert\u00f6rakos) Zwei Blinksignale kommen zum Einsatz: 40 Blitze pro Minute: VORWARNUNG ab 6 Beaufort (Windgeschwindigkeit&nbsp;ca. 40 km\/h) und steigend&nbsp;! 90 Blitze pro Minute: STURMWARNUNG ab 8 Beaufort (Windgeschwindigkeit&nbsp;ca.&nbsp;60&nbsp;km\/h) und steigend ! Die Segler und Wassersportler haben&hellip; <br \/> <a class=\"button small blue\" href=\"https:\/\/www.seglergemeinschaft.at\/?page_id=130\">Weiterlesen<\/a><\/p>\n","protected":false},"author":4,"featured_media":0,"parent":0,"menu_order":0,"comment_status":"closed","ping_status":"closed","template":"","meta":{"footnotes":""},"class_list":["post-130","page","type-page","status-publish","hentry"],"_links":{"self":[{"href":"https:\/\/www.seglergemeinschaft.at\/index.php?rest_route=\/wp\/v2\/pages\/130","targetHints":{"allow":["GET"]}}],"collection":[{"href":"https:\/\/www.seglergemeinschaft.at\/index.php?rest_route=\/wp\/v2\/pages"}],"about":[{"href":"https:\/\/www.seglergemeinschaft.at\/index.php?rest_route=\/wp\/v2\/types\/page"}],"author":[{"embeddable":true,"href":"https:\/\/www.seglergemeinschaft.at\/index.php?rest_route=\/wp\/v2\/users\/4"}],"replies":[{"embeddable":true,"href":"https:\/\/www.seglergemeinschaft.at\/index.php?rest_route=%2Fwp%2Fv2%2Fcomments&post=130"}],"version-history":[{"count":1,"href":"https:\/\/www.seglergemeinschaft.at\/index.php?rest_route=\/wp\/v2\/pages\/130\/revisions"}],"predecessor-version":[{"id":1716,"href":"https:\/\/www.seglergemeinschaft.at\/index.php?rest_route=\/wp\/v2\/pages\/130\/revisions\/1716"}],"wp:attachment":[{"href":"https:\/\/www.seglergemeinschaft.at\/index.php?rest_route=%2Fwp%2Fv2%2Fmedia&parent=130"}],"curies":[{"name":"wp","href":"https:\/\/api.w.org\/{rel}","templated":true}]}}